n) = n**3 + 13*n**2 - 5*n - 14. Let x(i) = w(i) + 2*y(i). What is the tens digit of x(10)?
1
What is the hundreds digit of -4 - (7144/12)/((-20)/30)?
8
Let q be (-3)/(12/(-8)) + 8. Suppose -z + q = z. Suppose g + 4*g = z. What is the units digit of g?
1
What is the units digit of 329*(72/14 - 4)?
6
Let a be (6 + -2)*45/(-20). Let z be (a/(-3))/3 + 2. Suppose 0 = -z*y + 7*y - 112. What is the units digit of y?
8
Let t = -16 + 55. Suppose 0 = d - 2*d + t. What is the units digit of d?
9
Let y be 278/6 + (-34)/(-51). Let a = 49 + y. What is the units digit of a?
6
Suppose 0 = -5*q + o + 124 + 767, -2*q + 353 = 3*o. What is the units digit of q?
8
Suppose -i = 2*i + 12. Let p be (-4)/14 - i/14. Suppose j - 21 = -p*j. What is the units digit of j?
1
Suppose 3*l = -5*s + 31 + 134, -5*l + 4*s + 275 = 0. What is the units digit of l?
5
What is the tens digit of 396/(-110) + (-4)/10 - -90?
8
Suppose 0 = -13*a + 17*a + 680. Let w = -27 - a. What is the hundreds digit of w?
1
Let d(u) = -299*u + 312. What is the units digit of d(-8)?
4
Suppose 7*v + 5*i = 12285, 7020 = -7*v + 11*v - 3*i. What is the thousands digit of v?
1
Let q(d) = d**3 - 7*d**2 - 33*d - 6. Let j be q(14). Suppose 9*c - j = c. What is the tens digit of c?
1
Suppose 13*r + 167 - 8747 = 0. What is the hundreds digit of r?
6
Suppose 72*t + 780 = 74*t. What is the tens digit of t?
9
Let v = 2006 - 1506. What is the hundreds digit of v?
5
Let o(n) = n**2 - 1. Let c be o(1). Suppose c = 9*y - 8*y - 2. Suppose -y*z = -7*z + 155. What is the tens digit of z?
3
Let z(y) = -y**3 - 6*y**2 - 8*y + 1. Let t be z(-4). Suppose -56 = 5*k + 4*a, 3*a = 5*k - 0*a + 63. What is the units digit of (t - 0)/((-2)/k)?
6
Let d = -12 - -7. Let p(o) = o**3 + 5*o**2 - 4*o - 3. What is the tens digit of p(d)?
1
Let z = -432 + 1352. What is the hundreds digit of z?
9
Suppose 6*n - 4*n - 100 = 0. What is the units digit of n?
0
Suppose 4*l = s + 2980, 0 = 4*l + 2*s - 2211 - 781. What is the tens digit of l?
4
Let a = -2941 + 4705. What is the tens digit of a?
6
Let k(q) = -q**3 + 8*q**2 + 13*q - 12. What is the units digit of k(8)?
2
Let t be 2 + -3 - (-21)/1. Suppose w - 5*w = -t. Suppose -2*q = -w*d - 6*q + 107, -3*d - 5*q = -72. What is the units digit of d?
9
Let u(s) = -s - 2. Let b be u(-4). Suppose -b*h - h + 12 = 0. Suppose 2*z = h*p + 22 + 4, -z + 5 = 2*p. What is the units digit of z?
9
Let c be ((-5)/(-15))/(2/(-6)). Let t = -2 + c. Let k = 11 - t. What is the units digit of k?
4
Let s(p) = -2*p**3 - 22*p**2 - 22*p - 34. What is the units digit of s(-15)?
6
Let h = 114 + -53. Suppose -5*i + i = -84. Let r = h - i. What is the tens digit of r?
4
Suppose 28*y - 10846 = -10. What is the tens digit of y?
8
Let m = 7 + -19. Let b = -10 - m. Suppose b*j = -j + 21. What is the units digit of j?
7
Let f(o) = 40*o + 13. Let t be f(3). Let q = t + -80. What is the units digit of q?
3
Let t be 15*(-2)/30*(-2 - 4). What is the hundreds digit of (32/t + 0)*(-1377)/(-54)?
1
Let o(t) = 431*t**2 + 3*t - 3. What is the hundreds digit of o(1)?
4
Let w be (-3)/(543/(-138) + 4). Let j = -24 - w. What is the units digit of j?
2
What is the hundreds digit of (-300)/125*1480/(-3) + 2?
1
Let c be 44/6 + 5/(-15). Suppose c*t + 10 = 2*t. Let w = 10 + t. What is the units digit of w?
8
Suppose 72*n - 270 = 42*n. Let m(a) = -a**3 + 4*a**2 + 5*a + 4. Let d be m(5). Let t = n - d. What is the units digit of t?
5
What is the tens digit of 0 + (-1 - 0) + (954 - 1)?
5
Let u(x) = x - 1. Let h(b) = 2*b - 1. Let q(c) = 4*h(c) - 3*u(c). Let a be q(1). Suppose a*t - 34 + 88 = 2*s, 5*s = 4*t + 117. What is the units digit of s?
1
Let w be (-55*1)/(-1) - 1. Let p = 76 - w. What is the tens digit of p?
2
Let f = -239 - -862. What is the tens digit of f?
2
Let d = 23 - -542. What is the units digit of d?
5
What is the units digit of (-2)/3 - -8907*1/9?
9
What is the units digit of (-4)/19*-9586 + 52/(-494)?
8
Let f be (-7 - -7)*2/4. Suppose z - 12 = -f*d + d, 0 = -5*z + 4*d + 61. What is the units digit of z?
3
Let k(x) = 6*x + 1. Let j be k(0). Let u = -6 + 4. What is the units digit of (u*4/(-8))/j?
1
Let w = -3 + 7. Let n(j) = -j + 7. Let c be n(w). Let s = 7 + c. What is the tens digit of s?
1
Let t(z) be the first derivative of 45*z**2 - 2*z - 2. What is the tens digit of t(1)?
8
What is the units digit of 15/((-11)/(165/70) + 5)?
5
Suppose 3*f = 2*k - 26, -3*k + 40 = -5*f + f. Suppose 772 = 3*p + k. What is the tens digit of p?
5
Let w(s) = 127*s**2 + 12*s - 5. What is the units digit of w(4)?
5
Suppose -104*w + 733 = -103*w. What is the units digit of w?
3
Let f = 1271 + -841. What is the tens digit of f*((-35)/(-28) - 3/4)?
1
Suppose -18*t + 1437 + 2325 = 0. What is the hundreds digit of t?
2
What is the units digit of 1497/5 - 3*(-2)/(-15)?
9
Suppose -35 - 113 = -p. What is the hundreds digit of p?
1
Suppose -4*r = 0, 5*c + 5*r = 211 + 89. Suppose -z + c = 5*n, 4*n = -3*z - z + 64. What is the units digit of n?
1
Let p(j) = -32*j - 87. What is the units digit of p(-21)?
5
Let i = -270 - -754. What is the units digit of i?
4
What is the units digit of (-25 + -321)/(4/(-6))?
9
Suppose 1 = 3*r - 8. Suppose -4*u - 147 = -3*a + u, 2*u + 147 = r*a. What is the units digit of a?
9
Let q = -124 - -131. Let w(o) = 2*o**3 - 9*o**2 - 11*o + 14. What is the tens digit of w(q)?
8
Let s = -96 - -1458. What is the hundreds digit of s?
3
Suppose -3*n + 4*l - 358 = 0, 3*n - 22 = -5*l - 425. Let u = -108 - n. What is the tens digit of u?
1
Let p = 19 - 33. Suppose 0 = -5*g - 34 - 76. Let q = p - g. What is the units digit of q?
8
Suppose -25*z + 29*z = -132. Suppose m = -2*u + 179, -29 = -3*u + 5*m + 220. What is the tens digit of u/z*(-9)/2?
1
Suppose 8*r + 14 = 15*r. Let h(l) = 10*l**3 + l. What is the units digit of h(r)?
2
Let j(p) = -1 + 1 + 5 - 170*p - 8. What is the units digit of j(-2)?
7
Let p = -109 + 953. What is the hundreds digit of p?
8
Let t = -308 + 464. Suppose -v - t = -3*v. Let s = v - 52. What is the tens digit of s?
2
Let j = -59 + 89. Suppose -4*a + j = a. Suppose 2*m - 3*m + a = 0. What is the units digit of m?
6
Let g(x) be the second derivative of -x**4/12 - x**3/2 + x**2/2 + 2*x. Let w be g(2). Let z = w - -29. What is the tens digit of z?
2
Suppose 2*g = 4*n + 436, 138 = 2*n - 5*g + 372. Let v = 161 + n. What is the tens digit of v?
5
Suppose 0 = -2*u - 2*x + 1388, -86 = 3*u - 5*x - 2184. What is the units digit of u?
6
Suppose -5*t + 793 - 81 = -2*z, -4*t + 1780 = -5*z. Let u = 555 + z. What is the tens digit of u?
9
Let y = -1 - -3. Let o(u) = 2*u + 2*u - 1 - y*u + 3*u. What is the units digit of o(2)?
9
Let z = 59 + 30. What is the units digit of z?
9
Let y(f) = -f**3 + 10*f**2 - f + 1. Let p be y(10). Let n = p - -6. What is the units digit of -3 - (4 + 2)*n?
5
Suppose 4*y + y = -3*k + 26, 5*y + 76 = 3*k. Suppose 4*m = -3*c + 79, m - k = 2*c - 0*c. What is the units digit of m?
9
Let j = -17 + 22. Suppose 0 = -j*t + 6*t - 35. What is the units digit of t?
5
Let k(m) = 11*m**2 - 4*m - 20. Let x be k(-5). Suppose -5*a - 5*q + x = 0, -q + 4*q = -a + 57. What is the units digit of a?
4
Suppose 24*m - 581 = 23731. What is the units digit of m?
3
Let t(a) = a**3 + 8*a**2 - 9*a - 10. Let k be t(-9). What is the units digit of (-448)/(-5) + k/(-25)?
0
Let f(j) = -5*j**3 - j**2 - 8*j - 5. What is the units digit of f(-5)?
5
Suppose 0*v - 4*v + 20 = 0. Let n(m) = -m**2 - 25*m - 4. Let t be n(-6). Suppose 5*r = -5*g + t, v*r - 64 - 46 = -g. What is the tens digit of r?
2
Suppose 0 = 4*b - 6*b + 14. Suppose -b - 7 = -2*f. Suppose 0 = -f*q + 8*q - 2. What is the units digit of q?
2
Let h(o) = -o**2 + 3*o + 0*o**2 + 6*o + 10. Let x(k) = -k**2 - 8*k - 6. Let j be x(-6). What is the units digit of h(j)?
8
Let u = 102 + -93. Let b(i) = 26*i - 29. What is the hundreds digit of b(u)?
2
Suppose -2*i + 5*a - 4*a + 186 = 0, 3*i - 3*a - 276 = 0. What is the units digit of i?
4
What is the tens digit of 1*-1131*(-1)/((-11)/(-33))?
9
Let f be 2 + (-3 - 6/(-1)). Suppose -x + 92 = 3*i, 0*x + f*i = -2*x + 180. Suppose 0*r + 120 = 3*p - 3*r, 2*p - x = 3*r. What is the tens digit of p?
4
Let j = -25 - -53. Let t be (-5 + -2)*(-8)/j. Suppose 0 = -4*r - 3*p + 90, -53 = -t*r - r + 5*p. What is the units digit of r?
1
What is the tens digit of (-1 + 21/